. Calculate q(-19).
2
Let d(i) = -3*i**3 + 19*i**2 - 5*i + 5. Calculate d(7).
-128
Let h(z) = -z**3 + 33*z**2 - 54*z - 243. Give h(31).
5
Let d(y) = -y**2 - 47*y - 119. Determine d(-35).
301
Let m(n) = n**3 + 10*n**2 - 58*n + 6. Give m(-14).
34
Let l(o) = 4*o**2 - 22*o - 38. What is l(-2)?
22
Let c(v) = 290*v + 791. Determine c(-3).
-79
Let h(i) = 1817*i + 10925. Determine h(-6).
23
Let u(k) = -k**3 - k**2 + 72*k - 271. Give u(4).
-63
Let l(b) = -98*b + 3010. What is l(31)?
-28
Let d(a) = -1011*a - 1995. Determine d(-2).
27
Let x(n) = -2*n**3 - 35*n**2 + 152*n + 2771. What is x(-17)?
-102
Let h(i) = 9*i + 75. What is h(0)?
75
Let q(a) = -4*a**3 + 8*a**2 + 6*a + 8. Calculate q(5).
-262
Let c(m) = 4*m**2 - 30*m + 352. Determine c(10).
452
Let k(h) = -h**2 - 44*h - 622. Calculate k(-50).
-922
Let q(z) = -z**2 + 38*z - 338. What is q(18)?
22
Let v(g) = -g**2 + 25*g + 6950. What is v(97)?
-34
Let i(l) = l**3 + 34*l**2 + 67*l - 35. What is i(-32)?
-131
Let u(h) = -h**3 - 20*h**2 + 13*h - 10. What is u(-21)?
158
Let i(m) = m**2 + 139*m + 797. Calculate i(-6).
-1
Let u(k) = -k**3 + 12*k**2 + 20*k - 67. What is u(13)?
24
Let m(c) = -c**3 - 6*c**2 + 15*c - 7. What is m(-8)?
1
Let q(f) = f**3 + 8*f**2 - 229*f - 719. What is q(-3)?
13
Let v(m) = -52*m + 1246. What is v(27)?
-158
Let t(d) = -24*d + 662. What is t(28)?
-10
Let z(g) = 4*g**3 - 3*g**2 - 12*g + 9. Determine z(3).
54
Let t(d) = 5*d**2 - d - 187. Give t(-8).
141
Let o(t) = -t**3 - 17*t**2 + 35*t + 553. Determine o(-17).
-42
Let d(x) = -10*x + 27. Give d(-1).
37
Let t(r) = -76*r - 8457. Calculate t(-112).
55
Let d(y) = -30*y - 483. Calculate d(-37).
627
Let f(g) = -58*g**2 - 1217*g + 13. Determine f(-21).
-8
Let x(t) = -144*t + 296. Determine x(2).
8
Let h(p) = 153*p - 2950. Give h(20).
110
Let n(l) = 4*l**2 - 338*l + 5669. What is n(23)?
11
Let r(f) = -f**3 + 15*f**2 + 80*f + 14. Calculate r(-4).
-2
Let d(p) = p**2 - 32*p + 218. Determine d(22).
-2
Let i(o) = 11*o**3 - 643*o**2 + 289*o + 125. Calculate i(58).
67
Let r(j) = 18*j - 1578. Calculate r(30).
-1038
Let h(p) = 190*p + 847. Calculate h(-5).
-103
Let i(s) = 2*s**3 + 870*s**2 - 12574*s - 897. What is i(-449)?
1
Let a(c) = c**3 - 2*c**2 + 15*c - 54. Calculate a(7).
296
Let n(a) = -a**3 - 15*a**2 - a - 9. Give n(-8).
-449
Let g(t) = 5*t**2 - 3*t - 2. Calculate g(2).
12
Let b(n) = -97*n + 3188. Give b(33).
-13
Let d(g) = 12*g**2 - 8*g - 26. Give d(-4).
198
Let z(f) = 34*f**3 - f**2 - 3*f + 1. Determine z(-2).
-269
Let w(p) = 4*p**2 - 189*p + 62. What is w(47)?
15
Let c(k) = -k**3 - 2*k**2 + 60*k - 38. Calculate c(-8).
-134
Let w(y) = -5*y**3 + 2*y**2 + 2*y + 1. Give w(-1).
6
Let t(q) = -q**3 + 7*q**2 - 10*q - 5. Determine t(8).
-149
Let b(m) = -m**3 + 120*m**2 - 465*m + 107. What is b(116)?
-9
Let j(x) = -x**3 - 7*x**2 + 54*x + 62. What is j(-11)?
-48
Let a(o) = -207*o - 666. What is a(-5)?
369
Let b(c) = 2*c**2 - 80*c + 38. Give b(40).
38
Let s(f) = 2*f**3 - 3*f**2 - 9*f + 17. What is s(2)?
3
Let d(z) = 32*z - 274. Calculate d(10).
46
Let p(d) = -7*d**2 - 42*d - 10. Calculate p(-12).
-514
Let j(s) = 115*s + 18862. Calculate j(-164).
2
Let l(s) = 60*s + 314. Give l(-6).
-46
Let o(x) = 11552*x - 57764. Calculate o(5).
-4
Let s(t) = 3*t**2 + 152*t + 294. Calculate s(-2).
2
Let u(w) = w**3 - 15*w**2 + 22*w - 70. Determine u(13).
-122
Let k(h) = 15*h**2 - 47*h - 30. Give k(4).
22
Let b(r) = -r**3 - 132*r**2 + 256*r - 1607. What is b(-134)?
1
Let u(f) = -f**3 + 88*f**2 - 262*f + 449. Calculate u(85).
-146
Let v(g) = 7*g**3 + 4*g**2 - 10*g - 3. Calculate v(5).
922
Let p(r) = -5797*r + 81171. Determine p(14).
13
Let j(o) = 139*o**3 + 4*o + 5. Give j(-1).
-138
Let w(v) = 10*v**3 - 141*v**2 + 13*v - 12. Give w(14).
-26
Let y(m) = -m**3 - 24*m**2 + 14*m + 77. Give y(-25).
352
Let q(b) = 16*b**3 + 3*b**2 - 6*b + 2. Calculate q(1).
15
Let q(n) = -n**3 - 39*n**2 + 10*n + 246. Calculate q(-39).
-144
Let n(t) = t**2 - 7*t - 6461. What is n(-77)?
7
Let s(p) = p**3 - 23*p**2 - 32*p + 128. Determine s(24).
-64
Let j(z) = -15*z + 186. Determine j(11).
21
Let z(w) = -16*w**2 - 17*w - 5. Give z(4).
-329
Let j(f) = 113*f + 9710. What is j(-86)?
-8
Let j(r) = r**2 - 94*r + 1889. Give j(29).
4
Let h(b) = 19*b - 217. Calculate h(11).
-8
Let y(h) = h**3 + 18*h**2 - 143*h - 351. Calculate y(-2).
-1
Let k(m) = -4*m**3 - 95*m**2 + 20*m - 87. Calculate k(-24).
9
Let z(q) = -10*q**3 + 3*q**2 + 32*q + 30. Determine z(-1).
11
Let c(l) = -102*l - 1218. Give c(-14).
210
Let l(g) = 56*g + 175. Give l(-3).
7
Let m(y) = -187*y - 2668. Determine m(-15).
137
Let w(l) = -17*l**2 - 486*l + 701. What is w(-30)?
-19
Let k(t) = t**3 - 39*t**2 + 102*t + 153. What is k(36)?
-63
Let d(n) = 55*n**2 - 10*n + 11. Determine d(1).
56
Let d(w) = -w**3 - 4*w**2 + 79*w + 25. Give d(-11).
3
Let o(l) = 5*l**2 + 162*l - 89. Give o(-33).
10
Let g(a) = -a**2 + 344*a - 10547. What is g(310)?
-7
Let j(l) = 209*l - 25. Determine j(-1).
-234
Let v(t) = 4*t**3 + 36*t**2 - 12*t - 114. Give v(-9).
-6
Let c(p) = -p**3 - 10*p**2 + 145*p + 1447. Give c(-11).
-27
Let v(n) = -3*n**3 + 234*n**2 + 251*n - 1114. Give v(79).
-8
Let y(l) = l**3 - 21*l + 54. Give y(5).
74
Let g(x) = -x**3 - 5*x**2 + 94*x - 238. Determine g(4).
-6
Let v(a) = -a**3 - 17*a**2 - 3*a - 37. Determine v(-17).
14
Let x(k) = -3*k**2 + 138*k + 1163. What is x(-9)?
-322
Let w(v) = -52*v + 37. Give w(4).
-171
Let o(x) = -740*x - 8874. Determine o(-12).
6
Let n(w) = w**3 - 4*w**2 + 12. What is n(3)?
3
Let k(d) = 61*d + 2342. What is k(-38)?
24
Let h(a) = -a**3 + 29*a**2 - 157*a + 5. Calculate h(10).
335
Let o(y) = y**3 + 12*y**2 - 3*y - 67. Calculate o(-12).
-31
Let g(j) = 7*j**3 - 13*j**2 - 18*j + 32. Calculate g(2).
0
Let z(y) = 9*y**2 + 133*y + 13. What is z(-12)?
-287
Let g(t) = -5*t + 460. Calculate g(-9).
505
Let p(v) = v**2 + 138*v + 1366. Give p(-11).
-31
Let f(j) = 4*j**3 - 51*j**2 - 73*j + 775. What is f(13)?
-5
Let a(d) = 44*d**2 + 529*d + 13. Give a(-12).
1
Let z(d) = -d**3 + 7*d**2 + d + 26. What is z(8)?
-30
Let v(q) = 105*q - 197. Give v(2).
13
Let z(c) = -c**2 + 56*c + 587. Determine z(65).
2
Let b(s) = 87*s**2 + 477*s + 477. Determine b(-1).
87
Let c(h) = h**2 + 296*h + 2918. What is c(-10)?
58
Let p(z) = -5*z**2 - 34*z - 98. Determine p(-3).
-41
Let j(d) = -219*d - 602. Determine j(-3).
55
Let g(i) = 3*i**3 - 89*i**2 - 24*i - 174. What is g(30)?
6
Let w(f) = f**3 + 128*f**2 + 215*f + 11211. What is w(-127)?
35
Let r(f) = 3*f**2 + 5*f - 519. What is r(-11)?
-211
Let j(w) = -11*w**3 - 110*w**2 - 7*w - 56. Calculate j(-10).
14
Let n(z) = -z**2 + 2*z + 14. Determine n(18).
-274
Let s(c) = -3*c**3 - 12*c**2 + 4*c - 4. What is s(-4)?
-20
Let o(j) = -5*j + 76. What is o(-4)?
96
Let v(w) = 266*w + 44421. Determine v(-167).
-1
Let i(q) = 4*q**3 + 43*q**2 + 369*q + 2764. What is i(-9)?
10
Let v(j) = 3*j + 68. Determine v(-5).
53
Let w(d) = -110*d - 2429. What is w(-22)?
-9
Let l(x) = -5*x**2 + 13*x + 150. Give l(-6).
-108
Let i(w) = 2*w**3 - 34*w**2 - 31*w - 139. Calculate i(18).
-49
Let u(d) = 612*d - 75896. Calculate u(124).
-8
Let p(w) = w**2 - 139*w + 4824. Give p(67).
0
Let x(m) = 20*m**2 + 14*m - 29. What is x(2)?
79
Let s(n) = 1585*n - 26947. Give s(17).
-2
Let n(z) = 51*z + 148. Give n(-3).
-5
Let v(j) = -j**3 + 91*j**2 + 95*j - 283. Give v(92).
-7
Let r(i) = 116*i - 6093. Calculate r(52).
-61
Let q(k) = -16*k**3 - 4*k**2 + 4*k + 4. Calculate q(-1).
12
Let h(t) = -2*t**2 - 21*t + 116. What is h(11)?
-357
Let k(b) = b**3 + 137*b**2 - 142*b - 564. Determine k(-138).
-12
Let s(y) = 28*y**3 + 109*y**2 - 5*y - 22. Give s(-4).
-50
Let q(j) = j**2 - 1660*j - 16681. Determine q(-10).
19
Let q(u) = -58*u - 543. What is q(-7)?
-137
Let o(m) = 2*m**2 + 16*m - 21. Calculate o(-5).
-51
Let h(s) = -30*s + 615. What is h(23)?
-75
Let y(n) = -9*n + 108. Determine y(6).
54
Let u(y) = y**2 - 129*y - 855. What is u(-7)?
97
Let g(w) = w**3 - 9*w**2 - 249*w + 2234. Calculate g(9).
-7
Let v(i) = -5*i**3 + 8*i**2 - 8*i - 3. Give v(2).
-27
Let t(y) = 2*y**3 + 10*y**2 - 79*y - 12. Calculate t(5).
93
Let w(c) = 3*c**2 + 70*c + 133. What is w(-2)?
5
Let m(c) = -15*c**2 - 329*c - 998. Calculate m(-3).
-146
Let f(n) = -583*n**2 + 3502*n - 18. Calculate f(6).
6
Let q(a) = 3*a**2 - 46*a - 3. Determine q(16).
29
Let n(z) = 9*z**2 + 173*z - 134. What is n(-20)?